{"id":11166,"date":"2024-05-03T11:55:34","date_gmt":"2024-05-03T09:55:34","guid":{"rendered":"https:\/\/www.graeber.rentals\/?post_type=google-map-standorte&#038;p=11166"},"modified":"2024-05-22T10:48:13","modified_gmt":"2024-05-22T08:48:13","slug":"graeber-ag-in-fuerstenfeldbruck","status":"publish","type":"google-map-standorte","link":"https:\/\/www.graeber.rentals\/fr\/google-map-standorte\/graeber-ag-in-fuerstenfeldbruck\/","title":{"rendered":"Gr\u00e4ber AG \u00e0 F\u00fcrstenfeldbruck"},"content":{"rendered":"","protected":false},"featured_media":0,"template":"","meta":{"site-sidebar-layout":"default","site-content-layout":"default","ast-site-content-layout":"default","site-content-style":"default","site-sidebar-style":"default","ast-global-header-display":"","ast-banner-title-visibility":"","ast-main-header-display":"","ast-hfb-above-header-display":"","ast-hfb-below-header-display":"","ast-hfb-mobile-header-display":"","site-post-title":"","ast-breadcrumbs-content":"","ast-featured-img":"","footer-sml-layout":"","ast-disable-related-posts":"","theme-transparent-header-meta":"default","adv-header-id-meta":"","stick-header-meta":"","header-above-stick-meta":"","header-main-stick-meta":"","header-below-stick-meta":"","astra-migrate-meta-layouts":"set","ast-page-background-enabled":"default","ast-page-background-meta":{"desktop":{"background-color":"var(--ast-global-color-4)","background-image":"","background-repeat":"repeat","background-position":"center center","background-size":"auto","background-attachment":"scroll","background-type":"","background-media":"","overlay-type":"","overlay-color":"","overlay-opacity":"","overlay-gradient":""},"tablet":{"background-color":"","background-image":"","background-repeat":"repeat","background-position":"center center","background-size":"auto","background-attachment":"scroll","background-type":"","background-media":"","overlay-type":"","overlay-color":"","overlay-opacity":"","overlay-gradient":""},"mobile":{"background-color":"","background-image":"","background-repeat":"repeat","background-position":"center center","background-size":"auto","background-attachment":"scroll","background-type":"","background-media":"","overlay-type":"","overlay-color":"","overlay-opacity":"","overlay-gradient":""}},"ast-content-background-meta":{"desktop":{"background-color":"var(--ast-global-color-5)","background-image":"","background-repeat":"repeat","background-position":"center center","background-size":"auto","background-attachment":"scroll","background-type":"","background-media":"","overlay-type":"","overlay-color":"","overlay-opacity":"","overlay-gradient":""},"tablet":{"background-color":"var(--ast-global-color-5)","background-image":"","background-repeat":"repeat","background-position":"center center","background-size":"auto","background-attachment":"scroll","background-type":"","background-media":"","overlay-type":"","overlay-color":"","overlay-opacity":"","overlay-gradient":""},"mobile":{"background-color":"var(--ast-global-color-5)","background-image":"","background-repeat":"repeat","background-position":"center center","background-size":"auto","background-attachment":"scroll","background-type":"","background-media":"","overlay-type":"","overlay-color":"","overlay-opacity":"","overlay-gradient":""}}},"google-map-standorte-type":[],"class_list":["post-11166","google-map-standorte","type-google-map-standorte","status-publish","hentry"],"yoast_head":"<!-- This site is optimized with the Yoast SEO plugin v27.4 - https:\/\/yoast.com\/product\/yoast-seo-wordpress\/ -->\n<title>Gr\u00e4ber AG in F\u00fcrstenfeldbruck - Gr\u00e4ber - Rentals<\/title>\n<meta name=\"robots\" content=\"index, follow, max-snippet:-1, max-image-preview:large, max-video-preview:-1\" \/>\n<link rel=\"canonical\" href=\"https:\/\/www.graeber.rentals\/fr\/google-map-standorte\/graeber-ag-in-fuerstenfeldbruck\/\" \/>\n<meta property=\"og:locale\" content=\"fr_FR\" \/>\n<meta property=\"og:type\" content=\"article\" \/>\n<meta property=\"og:title\" content=\"Gr\u00e4ber AG in F\u00fcrstenfeldbruck - Gr\u00e4ber - Rentals\" \/>\n<meta property=\"og:url\" content=\"https:\/\/www.graeber.rentals\/fr\/google-map-standorte\/graeber-ag-in-fuerstenfeldbruck\/\" \/>\n<meta property=\"og:site_name\" content=\"Gr\u00e4ber - Rentals\" \/>\n<meta property=\"article:publisher\" content=\"https:\/\/www.facebook.com\/graeber.ag\/\" \/>\n<meta property=\"article:modified_time\" content=\"2024-05-22T08:48:13+00:00\" \/>\n<meta name=\"twitter:card\" content=\"summary_large_image\" \/>\n<script type=\"application\/ld+json\" class=\"yoast-schema-graph\">{\"@context\":\"https:\\\/\\\/schema.org\",\"@graph\":[{\"@type\":\"WebPage\",\"@id\":\"https:\\\/\\\/www.graeber.rentals\\\/google-map-standorte\\\/graeber-ag-in-fuerstenfeldbruck\\\/\",\"url\":\"https:\\\/\\\/www.graeber.rentals\\\/google-map-standorte\\\/graeber-ag-in-fuerstenfeldbruck\\\/\",\"name\":\"Gr\u00e4ber AG in F\u00fcrstenfeldbruck - Gr\u00e4ber - Rentals\",\"isPartOf\":{\"@id\":\"https:\\\/\\\/www.graeber.rentals\\\/#website\"},\"datePublished\":\"2024-05-03T09:55:34+00:00\",\"dateModified\":\"2024-05-22T08:48:13+00:00\",\"breadcrumb\":{\"@id\":\"https:\\\/\\\/www.graeber.rentals\\\/google-map-standorte\\\/graeber-ag-in-fuerstenfeldbruck\\\/#breadcrumb\"},\"inLanguage\":\"fr-FR\",\"potentialAction\":[{\"@type\":\"ReadAction\",\"target\":[\"https:\\\/\\\/www.graeber.rentals\\\/google-map-standorte\\\/graeber-ag-in-fuerstenfeldbruck\\\/\"]}]},{\"@type\":\"BreadcrumbList\",\"@id\":\"https:\\\/\\\/www.graeber.rentals\\\/google-map-standorte\\\/graeber-ag-in-fuerstenfeldbruck\\\/#breadcrumb\",\"itemListElement\":[{\"@type\":\"ListItem\",\"position\":1,\"name\":\"Startseite\",\"item\":\"https:\\\/\\\/www.graeber.rentals\\\/\"},{\"@type\":\"ListItem\",\"position\":2,\"name\":\"Map Standorte\",\"item\":\"https:\\\/\\\/www.graeber.rentals\\\/google-map-standorte\\\/\"},{\"@type\":\"ListItem\",\"position\":3,\"name\":\"Gr\u00e4ber AG in F\u00fcrstenfeldbruck\"}]},{\"@type\":\"WebSite\",\"@id\":\"https:\\\/\\\/www.graeber.rentals\\\/#website\",\"url\":\"https:\\\/\\\/www.graeber.rentals\\\/\",\"name\":\"Gr\u00e4ber - Rentals\",\"description\":\"\",\"publisher\":{\"@id\":\"https:\\\/\\\/www.graeber.rentals\\\/#organization\"},\"potentialAction\":[{\"@type\":\"SearchAction\",\"target\":{\"@type\":\"EntryPoint\",\"urlTemplate\":\"https:\\\/\\\/www.graeber.rentals\\\/?s={search_term_string}\"},\"query-input\":{\"@type\":\"PropertyValueSpecification\",\"valueRequired\":true,\"valueName\":\"search_term_string\"}}],\"inLanguage\":\"fr-FR\"},{\"@type\":\"Organization\",\"@id\":\"https:\\\/\\\/www.graeber.rentals\\\/#organization\",\"name\":\"Gr\u00e4ber - Rentals\",\"url\":\"https:\\\/\\\/www.graeber.rentals\\\/\",\"logo\":{\"@type\":\"ImageObject\",\"inLanguage\":\"fr-FR\",\"@id\":\"https:\\\/\\\/www.graeber.rentals\\\/#\\\/schema\\\/logo\\\/image\\\/\",\"url\":\"https:\\\/\\\/www.graeber.rentals\\\/wp-content\\\/uploads\\\/2022\\\/09\\\/220928_GH_Logo_ohne_Claim_ohne_Kugel.png\",\"contentUrl\":\"https:\\\/\\\/www.graeber.rentals\\\/wp-content\\\/uploads\\\/2022\\\/09\\\/220928_GH_Logo_ohne_Claim_ohne_Kugel.png\",\"width\":1610,\"height\":206,\"caption\":\"Gr\u00e4ber - Rentals\"},\"image\":{\"@id\":\"https:\\\/\\\/www.graeber.rentals\\\/#\\\/schema\\\/logo\\\/image\\\/\"},\"sameAs\":[\"https:\\\/\\\/www.facebook.com\\\/graeber.ag\\\/\",\"https:\\\/\\\/www.instagram.com\\\/p\\\/CM390AuKLO8\\\/\"]}]}<\/script>\n<!-- \/ Yoast SEO plugin. -->","yoast_head_json":{"title":"Gr\u00e4ber AG \u00e0 F\u00fcrstenfeldbruck - Gr\u00e4ber - Rentals","robots":{"index":"index","follow":"follow","max-snippet":"max-snippet:-1","max-image-preview":"max-image-preview:large","max-video-preview":"max-video-preview:-1"},"canonical":"https:\/\/www.graeber.rentals\/fr\/google-map-standorte\/graeber-ag-in-fuerstenfeldbruck\/","og_locale":"fr_FR","og_type":"article","og_title":"Gr\u00e4ber AG in F\u00fcrstenfeldbruck - Gr\u00e4ber - Rentals","og_url":"https:\/\/www.graeber.rentals\/fr\/google-map-standorte\/graeber-ag-in-fuerstenfeldbruck\/","og_site_name":"Gr\u00e4ber - Rentals","article_publisher":"https:\/\/www.facebook.com\/graeber.ag\/","article_modified_time":"2024-05-22T08:48:13+00:00","twitter_card":"summary_large_image","schema":{"@context":"https:\/\/schema.org","@graph":[{"@type":"WebPage","@id":"https:\/\/www.graeber.rentals\/google-map-standorte\/graeber-ag-in-fuerstenfeldbruck\/","url":"https:\/\/www.graeber.rentals\/google-map-standorte\/graeber-ag-in-fuerstenfeldbruck\/","name":"Gr\u00e4ber AG \u00e0 F\u00fcrstenfeldbruck - Gr\u00e4ber - Rentals","isPartOf":{"@id":"https:\/\/www.graeber.rentals\/#website"},"datePublished":"2024-05-03T09:55:34+00:00","dateModified":"2024-05-22T08:48:13+00:00","breadcrumb":{"@id":"https:\/\/www.graeber.rentals\/google-map-standorte\/graeber-ag-in-fuerstenfeldbruck\/#breadcrumb"},"inLanguage":"fr-FR","potentialAction":[{"@type":"ReadAction","target":["https:\/\/www.graeber.rentals\/google-map-standorte\/graeber-ag-in-fuerstenfeldbruck\/"]}]},{"@type":"BreadcrumbList","@id":"https:\/\/www.graeber.rentals\/google-map-standorte\/graeber-ag-in-fuerstenfeldbruck\/#breadcrumb","itemListElement":[{"@type":"ListItem","position":1,"name":"Startseite","item":"https:\/\/www.graeber.rentals\/"},{"@type":"ListItem","position":2,"name":"Map Standorte","item":"https:\/\/www.graeber.rentals\/google-map-standorte\/"},{"@type":"ListItem","position":3,"name":"Gr\u00e4ber AG in F\u00fcrstenfeldbruck"}]},{"@type":"WebSite","@id":"https:\/\/www.graeber.rentals\/#website","url":"https:\/\/www.graeber.rentals\/","name":"Gr\u00e4ber - Location","description":"","publisher":{"@id":"https:\/\/www.graeber.rentals\/#organization"},"potentialAction":[{"@type":"SearchAction","target":{"@type":"EntryPoint","urlTemplate":"https:\/\/www.graeber.rentals\/?s={search_term_string}"},"query-input":{"@type":"PropertyValueSpecification","valueRequired":true,"valueName":"search_term_string"}}],"inLanguage":"fr-FR"},{"@type":"Organization","@id":"https:\/\/www.graeber.rentals\/#organization","name":"Gr\u00e4ber - Location","url":"https:\/\/www.graeber.rentals\/","logo":{"@type":"ImageObject","inLanguage":"fr-FR","@id":"https:\/\/www.graeber.rentals\/#\/schema\/logo\/image\/","url":"https:\/\/www.graeber.rentals\/wp-content\/uploads\/2022\/09\/220928_GH_Logo_ohne_Claim_ohne_Kugel.png","contentUrl":"https:\/\/www.graeber.rentals\/wp-content\/uploads\/2022\/09\/220928_GH_Logo_ohne_Claim_ohne_Kugel.png","width":1610,"height":206,"caption":"Gr\u00e4ber - Rentals"},"image":{"@id":"https:\/\/www.graeber.rentals\/#\/schema\/logo\/image\/"},"sameAs":["https:\/\/www.facebook.com\/graeber.ag\/","https:\/\/www.instagram.com\/p\/CM390AuKLO8\/"]}]}},"_links":{"self":[{"href":"https:\/\/www.graeber.rentals\/fr\/wp-json\/wp\/v2\/google-map-standorte\/11166","targetHints":{"allow":["GET"]}}],"collection":[{"href":"https:\/\/www.graeber.rentals\/fr\/wp-json\/wp\/v2\/google-map-standorte"}],"about":[{"href":"https:\/\/www.graeber.rentals\/fr\/wp-json\/wp\/v2\/types\/google-map-standorte"}],"wp:attachment":[{"href":"https:\/\/www.graeber.rentals\/fr\/wp-json\/wp\/v2\/media?parent=11166"}],"wp:term":[{"taxonomy":"google-map-standorte-type","embeddable":true,"href":"https:\/\/www.graeber.rentals\/fr\/wp-json\/wp\/v2\/google-map-standorte-type?post=11166"}],"curies":[{"name":"wp","href":"https:\/\/api.w.org\/{rel}","templated":true}]}}

Gräber AG à Fürstenfeldbruck

<!-- This site is optimized with the Yoast SEO plugin v27.4 - https://yoast.com/product/yoast-seo-wordpress/ -->
<title>Gräber AG in Fürstenfeldbruck - Gräber - Rentals</title>
<meta name="robots" content="index, follow, max-snippet:-1, max-image-preview:large, max-video-preview:-1" />
<link rel="canonical" href="https://www.graeber.rentals/fr/google-map-standorte/graeber-ag-in-fuerstenfeldbruck/" />
<meta property="og:locale" content="fr_FR" />
<meta property="og:type" content="article" />
<meta property="og:title" content="Gräber AG in Fürstenfeldbruck - Gräber - Rentals" />
<meta property="og:url" content="https://www.graeber.rentals/fr/google-map-standorte/graeber-ag-in-fuerstenfeldbruck/" />
<meta property="og:site_name" content="Gräber - Rentals" />
<meta property="article:publisher" content="https://www.facebook.com/graeber.ag/" />
<meta property="article:modified_time" content="2024-05-22T08:48:13+00:00" />
<meta name="twitter:card" content="summary_large_image" />
<script type="application/ld+json" class="yoast-schema-graph">{"@context":"https:\/\/schema.org","@graph":[{"@type":"WebPage","@id":"https:\/\/www.graeber.rentals\/google-map-standorte\/graeber-ag-in-fuerstenfeldbruck\/","url":"https:\/\/www.graeber.rentals\/google-map-standorte\/graeber-ag-in-fuerstenfeldbruck\/","name":"Gräber AG in Fürstenfeldbruck - Gräber - Rentals","isPartOf":{"@id":"https:\/\/www.graeber.rentals\/#website"},"datePublished":"2024-05-03T09:55:34+00:00","dateModified":"2024-05-22T08:48:13+00:00","breadcrumb":{"@id":"https:\/\/www.graeber.rentals\/google-map-standorte\/graeber-ag-in-fuerstenfeldbruck\/#breadcrumb"},"inLanguage":"fr-FR","potentialAction":[{"@type":"ReadAction","target":["https:\/\/www.graeber.rentals\/google-map-standorte\/graeber-ag-in-fuerstenfeldbruck\/"]}]},{"@type":"BreadcrumbList","@id":"https:\/\/www.graeber.rentals\/google-map-standorte\/graeber-ag-in-fuerstenfeldbruck\/#breadcrumb","itemListElement":[{"@type":"ListItem","position":1,"name":"Startseite","item":"https:\/\/www.graeber.rentals\/"},{"@type":"ListItem","position":2,"name":"Map Standorte","item":"https:\/\/www.graeber.rentals\/google-map-standorte\/"},{"@type":"ListItem","position":3,"name":"Gräber AG in Fürstenfeldbruck"}]},{"@type":"WebSite","@id":"https:\/\/www.graeber.rentals\/#website","url":"https:\/\/www.graeber.rentals\/","name":"Gräber - Rentals","description":"","publisher":{"@id":"https:\/\/www.graeber.rentals\/#organization"},"potentialAction":[{"@type":"SearchAction","target":{"@type":"EntryPoint","urlTemplate":"https:\/\/www.graeber.rentals\/?s={search_term_string}"},"query-input":{"@type":"PropertyValueSpecification","valueRequired":true,"valueName":"search_term_string"}}],"inLanguage":"fr-FR"},{"@type":"Organization","@id":"https:\/\/www.graeber.rentals\/#organization","name":"Gräber - Rentals","url":"https:\/\/www.graeber.rentals\/","logo":{"@type":"ImageObject","inLanguage":"fr-FR","@id":"https:\/\/www.graeber.rentals\/#\/schema\/logo\/image\/","url":"https:\/\/www.graeber.rentals\/wp-content\/uploads\/2022\/09\/220928_GH_Logo_ohne_Claim_ohne_Kugel.png","contentUrl":"https:\/\/www.graeber.rentals\/wp-content\/uploads\/2022\/09\/220928_GH_Logo_ohne_Claim_ohne_Kugel.png","width":1610,"height":206,"caption":"Gräber - Rentals"},"image":{"@id":"https:\/\/www.graeber.rentals\/#\/schema\/logo\/image\/"},"sameAs":["https:\/\/www.facebook.com\/graeber.ag\/","https:\/\/www.instagram.com\/p\/CM390AuKLO8\/"]}]}</script>
<!-- / Yoast SEO plugin. -->

Gräber AG à Fürstenfeldbruck - Gräber - Rentals

Gräber AG in Fürstenfeldbruck - Gräber - Rentals

Gräber - Rentals

Gräber AG in Fürstenfeldbruck

Gräber - Location
